 440 - 427. Let n be (-26)/(-6)*(r + -16). Let x(w) = -w**3 - 12*w**2 + 13*w + 19. Determine x(n).
19
Suppose 0 = -2*a - 80 + 162. Let i = a + -28. Let y(x) = 5*x + i*x - x - 1. What is y(1)?
16
Let k(g) = 90*g - 6303. Let d be k(70). Let x(t) = 17*t + 66. Calculate x(d).
15
Let g(j) = 11*j + 29. Let t be (-1*52/(-24) + 14/(-21))*-2. Give g(t).
-4
Let w(v) = 3*v**2 - v - 2. Let x be w(-1). Suppose -x*q = q - 12. Let i(f) = -11 + q*f + f - 6*f. What is i(-6)?
-5
Suppose -348 = -48*t + 84. Let n(o) = -3*o**2 + 22*o + 4. What is n(t)?
-41
Let s = 7 - 1. Suppose -10*l = -50*l + 480. Let c(n) = -1 + n - l + 1. Give c(s).
-6
Let c(n) be the second derivative of -n**4/12 + 4*n**3/3 + 11*n**2 - 12*n - 38. Calculate c(12).
-26
Let l(b) = -b - 16. Let i(t) be the first derivative of t**2/2 + 17*t + 2783. Let p = -2 - 2. Let s(f) = p*i(f) - 5*l(f). Determine s(-6).
6
Let l = 257 - 138. Suppose -8*f - 143 = -l. Let a(d) = d**2 + 2*d - 1. Give a(f).
2
Let n be -26 + 27 + -3 + -1 - 15. Let c(d) = 12*d + 213. Let u be c(n). Let s(j) = j**3 + j**2 - 4*j - 1. Determine s(u).
-7
Let f(w) = 11 - w - 180*w**3 + 181*w**3 + 58*w**2 - 70*w**2. Suppose 16*d + 55 = 5*x + 11*d, 2*d = 4*x - 46. Give f(x).
-1
Suppose -5 - 7 = -4*g. Let n be 1 + 0 + g + -4. Suppose b + b - 2 = n. Let d(a) = 7*a + 1. What is d(b)?
8
Let y(g) = -109*g**2 - 57*g + 21. Let i(a) = -75*a**2 - 61*a + 22. Let c(q) = 3*i(q) - 2*y(q). Determine c(-10).
14
Let p(o) = 5*o**3 + 2*o - 2. Suppose -8*x - 406 = -454. Let k be -1 + 40/5 - x. Calculate p(k).
5
Let p(a) = -5*a**2 - 2*a - 1. Suppose o + 10 = 3*o. Suppose -3*t + 21 = 4*t. Suppose -o*s = 2 + t. Give p(s).
-4
Let l = -195 + 197. Let k(i) = 197*i + 4*i**l + 2*i**2 - 196*i - i**2. Give k(1).
6
Let b(g) = -g**3 + 3*g**2 - 2*g. Let i be b(3). Let n(s) = 2*s**2 - s - 12. Let f(j) = j**3 - 4*j**2 + 6*j + 67. Let p(h) = f(h) + 5*n(h). Give p(i).
1
Let b(p) = -6*p**2 - 79*p + 51. Let z(d) = -13*d**2 - 158*d + 100. Let i(k) = 7*b(k) - 3*z(k). Let v be i(-27). Let s(w) = w**3 - 3*w**2 + 3*w. What is s(v)?
9
Let p(a) = -2*a - 9. Let z = 200 + -173. Suppose l - z = 4*l. What is p(l)?
9
Suppose 5*o - 17 = 3*g, 2*o + g + 6 = 4*o. Let b(j) = 2*j**3 + 2*j**2 + 4*j - 4. Determine b(o).
4
Suppose 154*z + 72 = 178*z. Let s(k) = 5*k - 10. Determine s(z).
5
Let r(z) = z**2 - 17*z + 33. Suppose -3*k + 50 = -5*x, -4*k + 2*k + 35 = -5*x. Give r(k).
3
Let j(l) = -l**2 - 3*l - 6. Suppose -12*m = -16*m + 2*v - 16, -5*m - 20 = 4*v. What is j(m)?
-10
Let n(w) = -3*w**3 + 1. Let y(f) = 11*f**3 - 22*f**2 + f - 16. Let t(x) = 3*n(x) + y(x). What is t(11)?
-2
Suppose 3*f = -2*f - 105. Let q(l) be the second derivative of -l**5/20 - 11*l**4/6 - 19*l**3/6 + 22*l**2 + 4*l + 6. What is q(f)?
2
Let t(u) = 3*u**2 + 4*u**2 - 30 - 2*u**2 + 15*u - 4*u**2. Let b be t(-17). Let c(a) = -3*a**2 + 4*a + b*a - 5*a. Calculate c(3).
-18
Let m = 225 - 220. Let v(u) = -m*u**3 - 5 + 2338*u**2 + 4 - 2337*u**2 - u. What is v(-1)?
6
Let a(j) = -j**3 - 7*j**2 - 12*j - 3. Let b = 223 - 227. Give a(b).
-3
Let y(n) = n + 1. Suppose 5*c + v = 56, -34 = -3*c - 2*v - 6. Let m be 5*4*(-3)/c. Determine y(m).
-4
Let r(p) = p**3 - 8*p**2 - 3*p + 11. Let d(l) be the first derivative of -l**3/3 + 12*l**2 - 15*l - 12. Let m be d(23). Calculate r(m).
-13
Let t(d) = 25*d**2 - 404*d + 50. Let u be t(16). Let l(a) = a**2 + 7*a - 66. Give l(u).
32
Let s(b) be the first derivative of -b**3/3 + b**2/2 - 3*b + 1. Suppose 0 = -3*u - 3*u - 12. Let x be u*(2 - (-42)/(-12)). Give s(x).
-9
Let m(k) = k**2 - 7 - 27219*k + 54459*k - 27222*k - 3. Give m(-22).
78
Let s(q) = 12*q - 1. Let d(p) = p**2 - 68*p - 5. Let i(y) = -d(y) - 6*s(y). What is i(-5)?
6
Let w(g) = 3*g + 17. Let r be (-26 - 122/(-5))/((-4)/(-10)). Calculate w(r).
5
Let a(k) = -k**3 - 9*k**2 + 12*k - 17. Let h(r) = -r**3 - 34*r**2 - 234*r - 235. Let w be h(-25). Calculate a(w).
-37
Let l(g) = 7*g**2 - 26*g - 35. Let u be l(5). Let a(w) = -4*w + 2. Determine a(u).
-38
Let g = 2 + -2. Let p = -135 - -174. Let j(s) = s**3 - 22 - 8 + p + s. Give j(g).
9
Suppose -2*b + 8 = -2*x - 26, 3*b = -5*x + 59. Let g be ((-30)/b)/(-5) + (-14)/(-3). Let p(o) = 1. Let m(r) = -3*r - 4. Let v(h) = -m(h) - 4*p(h). What is v(g)?
15
Let y(k) = k**3 + 41*k**2 - 41*k + 48. Let q be y(-42). Suppose 5*w = 2*i + 18, i - 8 = -2*w + 1. Let n(h) = -4*h - w + 5*h + 0 + 0. Give n(q).
2
Let i(l) be the third derivative of -l**5/60 + l**4/12 - l**3/3 + 227*l**2. What is i(-2)?
-10
Let q(n) be the second derivative of -n**6/120 - n**5/12 + n**4/12 - n**3 - 37*n**2/2 - 136*n. Let y(r) be the first derivative of q(r). Calculate y(-6).
18
Let q(m) = -21 - 2*m**3 + 105*m**2 + 103*m**2 + 99*m**2 - 297*m**2 + 6*m. Give q(5).
9
Let g(q) = -3*q**3 - 2*q**2 + 1. Let h be (7/3 - 2)/(11/165). Let l = h - 7. Calculate g(l).
17
Let r(w) = -91*w - 1634. Let l be r(-18). Let j(b) be the first derivative of 3/2*b**2 + l*b - 11. What is j(-4)?
-8
Let s(k) = -k - 1. Let w(t) = -5*t - 7. Let j(u) = 6*s(u) - w(u). Let l = -425 + 440. Suppose 4*g + 4*v = -4, -l*v + 10*v - 2 = 2*g. What is j(g)?
2
Let x(o) be the third derivative of -o**5/60 + 5*o**4/12 - 7*o**3/6 - 4*o**2. Suppose -2*n - 10 = -2*z, -4*z = 4*n + 1 - 29. Suppose 0 = w + z - 16. Give x(w).
-7
Let a(h) = -3*h**3 - 2*h**2 - 10*h - 2. Let i be a(0). Let u(q) be the second derivative of q**4/12 + q**3/6 - q. Give u(i).
2
Let y(m) = m**3 - 6*m**2 - 18*m + 12. Let d(v) = v**3 + 23*v**2 - 28*v - 88. Let u be d(-24). What is y(u)?
-4
Let g(k) = 59 - 182 + 66 + 67. Let h(d) = 2*d - 32. Let m(l) = -7*g(l) - 2*h(l). Calculate m(-7).
22
Let f(c) = -3*c**2 + 1 - c**2 + 11*c - 12*c + 2*c**3 + 5*c**2. Let k(m) = 9*m**3 + 9*m**2 - 5*m + 4. Let u(h) = -5*f(h) + k(h). Give u(3).
8
Let x = -397 + 632. Suppose 225*b = x*b. Let t(a) = a + 22. Give t(b).
22
Let g be 3 + ((-15)/(-9) - 1)*3. Let p = 23 - g. Let q(l) = -4 - l + 8*l**2 - l - p*l**2 + 9*l**2. Calculate q(3).
-19
Suppose 3*o + l = -4, -2*l + 4*l + 8 = o. Let v(w) = w**2. Let g(b) be the third derivative of -b**5/30 + 55*b**2 - 1. Let f(t) = 4*g(t) + 7*v(t). What is f(o)?
0
Suppose -4*m + 11*b - 7*b = -68, 4*m - b = 65. Suppose 0 = -0*k + 3*k - 72. Suppose -m*w - k = 40. Let n(f) = 3*f - 4. What is n(w)?
-16
Let m(b) be the third derivative of b**4/24 + 765*b**2 - b. Let c be ((-9)/(-3) - 1)*1. Suppose -u - 2*k + 13 = -c*u, 0 = -3*u + 2*k - 27. Determine m(u).
-7
Let t = -108 + 109. Let v(j) = -j - 2. Let p(o) = 7*o + 35. Let i(y) = t*p(y) + 3*v(y). Give i(-9).
-7
Let g(u) = 7*u**3 + u**2 + u - 1. Let y(f) = f**3 + 2*f**2 + 7. Let d be y(-3). Let s(n) = n**2 + 4*n + 5. Let z be s(d). Calculate g(z).
8
Let g(v) = -17*v**2 + 84*v. Suppose -14*k + 3*r = -9*k - 34, -25 = -2*k + 5*r. Determine g(k).
-5
Let f(l) be the second derivative of l**5/20 - l**4/12 - l**3/6 - 2*l**2 - 4*l. Suppose 189*a + 22 = 171*a + 22. What is f(a)?
-4
Suppose 0 = 18*h - 10*h + 48. Let r be (h - (-3 - 5))/(3/3). Let g(a) = -2*a**2 + 2. Determine g(r).
-6
Let r(i) = i**2 + 21*i - 70. Let d(b) = -b**3 - 19*b**2 + 7*b - 284. Let o be d(-20). Determine r(o).
2
Let r(s) be the second derivative of s**7/2520 + s**6/80 - s**5/60 - s**4/6 + 2*s**3/3 + 10*s. Let f(a) be the third derivative of r(a). What is f(-9)?
-2
Let r(m) be the third derivative of m**2 - 5/6*m**3 - 1/4*m**4 + 1/60*m**5 + 0 + 0*m. Suppose 0 = 7*p - 45*p + 228. What is r(p)?
-5
Suppose 0 = 2*a + 1167 - 1177, -4*y - 4*a = 52. Let r(p) = 3 - 6 - p**2 - 7 - 11*p - 8*p. What is r(y)?
8
Let f(u) = 3*u + 7. Suppose 119 + 86 = -24*n - 17*n. Give f(n).
-8
Let t(g) = -2*g + 7. Suppose 8 = -63*b + 449. Give t(b).
-7
Let w(b) = 46*b + 28*b**2 + 26*b**2 - 52*b**2 - 6 - 48*b. Calculate w(-4).
34
Let p(o) = -7. Let u(h) = h + 7. Let m(l) = -3*p(l) - 2*u(l). Let n = -9109 + 9118. Calculate m(n).
-11
Let u(i) = -i**2 - 2*i + 4. Let r be u(-4). Let g = 179 + -177. Let y(d) = 643*d**2 - 2 - 2*d - 1286*d**g + 642*d**2. Give y(r).
-10
Let i(w) = w**2 - 9*w - 7. Suppose 14*h = -h + 1815. Let y = h + -111. Determine i(y).
3
Let i(w) = w + 16. Let k be i(-16). Suppose 9*l - 11 - 16 = k. Let j be l/(-4*3/(-4)). Let m(r) = 2*r**2 - 2*r + 1. Give m(j).
1
Let v be 11/(-55)*(-31 + 6). Let q(g) = 2*g**2 - 4*g + 5. Calculate q(v).
35
Let l = -2683 - -2684. Let p(n) be the second derivative of -1/2*n**2 + 0 + 0